is -58408 - 2?
-5840a
In base 3, what is 2210200122 + 1?
2210200200
In base 13, what is -7673 + -4?
-7677
In base 11, what is 3 + -82896?
-82893
In base 10, what is 268 + 7912?
8180
In base 7, what is -2 - 1561501?
-1561503
In base 6, what is -241 - -123114?
122433
In base 5, what is -31310 + 3034?
-23221
In base 14, what is -1d - b70?
-b8d
In base 3, what is -202101112 + 0?
-202101112
In base 10, what is 2367 - -357?
2724
In base 2, what is 10111111111 + -1110?
10111110001
In base 11, what is -112 - 426?
-538
In base 5, what is -310024212 - -10?
-310024202
In base 2, what is 0 - -1010101111?
1010101111
In base 2, what is 0 - 111001101101010111?
-111001101101010111
In base 6, what is -515104 + -5?
-515113
In base 12, what is -3 - -11497?
11494
In base 9, what is -54646 + -3?
-54650
In base 4, what is 23013 + -121?
22232
In base 12, what is 1358 - -7?
1363
In base 3, what is 200 - -2200112210?
2200120110
In base 10, what is -31 + -426?
-457
In base 9, what is 124701 - 3?
124687
In base 4, what is -311 + -213200?
-220111
In base 10, what is -99 + 311?
212
In base 2, what is -10101011100111 + -101?
-10101011101100
In base 15, what is 13619 + -4?
13615
In base 11, what is 5 - -20063?
20068
In base 15, what is b7dd - 12?
b7cb
In base 5, what is -2 - 342233?
-342240
In base 5, what is 112013 + -23?
111440
In base 6, what is -3223125 + -20?
-3223145
In base 5, what is -1311 + -2403?
-4214
In base 2, what is -10001 + -10000101011?
-10000111100
In base 7, what is 65441 - 31?
65410
In base 11, what is 1 + 20672?
20673
In base 2, what is -111 - 10011011110100?
-10011011111011
In base 4, what is 3 + 30203310?
30203313
In base 6, what is 3204020 + 4?
3204024
In base 15, what is -b0 + -532?
-5e2
In base 6, what is -2243351 - -4?
-2243343
In base 5, what is -3 + -2233030?
-2233033
In base 12, what is -4 + 1904?
1900
In base 5, what is 1 + 1333330?
1333331
In base 11, what is -713 - 43?
-756
In base 7, what is 1414424 - 4?
1414420
In base 14, what is -130a + -cc?
-13d8
In base 10, what is -1 + 4283?
4282
In base 14, what is 3b + 3904?
3941
In base 9, what is -4548 + -18?
-4567
In base 14, what is -9 + -14987?
-14992
In base 6, what is -2 - 11401?
-11403
In base 2, what is 110100110001101010000 + 10?
110100110001101010010
In base 14, what is 76b + -2a?
741
In base 15, what is bd - 349?
-27b
In base 3, what is 2101 - 12122?
-10021
In base 12, what is 8b9 + 10?
909
In base 12, what is 4 - -4880?
4884
In base 3, what is 211022100 + 100?
211022200
In base 13, what is 1 + 23268?
23269
In base 13, what is -5 + -339c3?
-339c8
In base 16, what is 8 - 1698?
-1690
In base 11, what is -1821 + 26?
-17a6
In base 4, what is -322032001 - 103?
-322032110
In base 10, what is 2 - -23921?
23923
In base 3, what is -202221000 - 1200?
-202222200
In base 8, what is -71540 - 0?
-71540
In base 7, what is -4 + -53516?
-53523
In base 13, what is -a0 + 290a?
283a
In base 2, what is -10011100001110011 - -101111?
-10011100001000100
In base 14, what is 0 + 1c4234?
1c4234
In base 14, what is 235 - -48b?
6c2
In base 16, what is 1 + -3bbef?
-3bbee
In base 8, what is -57 + 53325?
53246
In base 5, what is -1 - -344144?
344143
In base 11, what is -1146 + 112?
-1034
In base 16, what is -3 - -27b9?
27b6
In base 4, what is 2 - 20302302?
-20302300
In base 16, what is -45 - -f?
-36
In base 5, what is 314 + -2200?
-1331
In base 2, what is 1100100111010000111 + 10?
1100100111010001001
In base 2, what is 10 + 100111110110001?
100111110110011
In base 14, what is 1 + -7b443?
-7b442
In base 12, what is -52257 - -5?
-52252
In base 5, what is 4 - -3224123?
3224132
In base 9, what is 3 + 60458?
60462
In base 15, what is -3828 - 17?
-3840
In base 9, what is 104 + 3581?
3685
In base 12, what is 3589 - -58?
3625
In base 9, what is -23 - -13274?
13251
In base 6, what is -1430 + 1042?
-344
In base 8, what is 21 + 11202?
11223
In base 5, what is 23113200 + 102?
23113302
In base 2, what is 1101010000 + -1000101110?
100100010
In base 11, what is -20689 + -5?
-20693
In base 10, what is -52 - -1634?
1582
In base 16, what is 5 + -4ab?
-4a6
In base 6, what is -443201 - -35?
-443122
In base 12, what is -7 - 2075a2?
-2075a9
In base 5, what is 32320 - -1010?
33330
In base 7, what is 1005015 - -10?
1005025
In base 7, what is -2 - 14061?
-14063
In base 15, what is 611 + -11?
600
In base 6, what is 42 + -1225?
-1143
In base 7, what is -32 - -3254?
3222
In base 8, what is 10006 - -125?
10133
In base 3, what is -20221202010222 + -11?
-20221202011010
In base 6, what is 1352 + -11550?
-10154
In base 5, what is -224040432 + -3?
-224040440
In base 2, what is 0 - 10011111000111100?
-10011111000111100
In base 10, what is 0 + -61031?
-61031
In base 11, what is 0 + -59990?
-59990
In base 3, what is -21021210 + 1?
-21021202
In base 4, what is -13123320033 + 11?
-13123320022
In base 13, what is a - 4540?
-4533
In base 3, what is 1201020112 + -2?
1201020110
In base 6, what is -21 + -25213?
-25234
In base 8, what is -2273 + -247?
-2542
In base 7, what is -326 + -303360?
-304016
In base 9, what is 55070 - 1?
55068
In base 5, what is -14233220 - 3?
-14233223
In base 13, what is 5 + -3547?
-3542
In base 12, what is -b + -256a?
-2579
In base 15, what is 8224 - 12?
8212
In base 12, what is -15b41 + -5?
-15b46
In base 16, what is -1 + 2504?
2503
In base 4, what is 100322310 - -33?
100323003
In base 7, what is -166124 + -3?
-166130
In base 2, what is 1100 + -11011110000101?
-11011101111001
In base 13, what is 5c - 311?
-282
In base 12, what is 5 - 6ab29?
-6ab24
In base 7, what is -5 - -42362?
42354
In base 16, what is dc + -22?
ba
In base 15, what is -4b - 576?
-5c2
In base 3, what is 0 - 112010021?
-112010021
In base 9, what is -688452 - -4?
-688447
In base 8, what is -122442 + -10?
-122452
In base 11, what is -112a5 - -4?
-112a1
In base 4, what is 2 + -11221012?
-11221010
In base 4, what is -110323 + -10022?
-121011
In base 11, what is 932 + 823?
1655
In base 6, what is -4332 - -205?
-4123
In base 13, what is 6 - -862?
868
In base 7, what is -2312005 + 10?
-2311665
In base 6, what is 11 + -3435544?
-3435533
In base 8, what is -132 - -76114?
75762
In base 8, what is 4571031 + 1?
4571032
In base 3, what is -10200020 - 1110?
-10201200
In base 14, what is -2330a + -3?
-2330d
In base 4, what is 2332 - -2001?
10333
In base 4, what is -113200133 - 1?
-113200200
In base 9, what is 41443 + -1?
41442
In base 14, what is 60 - 4655?
-45d5
In base 7, what is 13 - 3405502?
-3405456
In base 16, what is -54 - 3c?
-90
In base 3, what is 0 + -102122100112?
-102122100112
In base 9, what is 553 + -21?
532
In base 8, what is -142 + -7722?
-10064
In base 5, what is -231102 + -2020?
-233122
In base 5, what is -122 + -110141?
-110313
In base 14, what is 151d + -1b?
1502
In base 2, what is 100001 + 10001010100?
10001110101
In base 12, what is -61 + -224?
-285
In base 8, what is 5326 + -24?
5302
In base 8, what is 3 + -24652?
-24647
In base 11, what is -1 - -a205?
a204
In base 16, what is 1d5c7 + 0?
1d5c7
In base 16, what is -24bfe - -16?
-24be8
In base 16, what is -30 + -1ea9?
-1ed9
In base 13, what is b8c - -4ba?
1379
In base 10, what is 303935 + 7?
303942
In base 16, what is 14 - 9a4?
-990
In base 8, what is 30157 - 3?
30154
In base 4, what is 1111210 + -20?
1111130
In base 3, what is -10020 + 1201012?
1120222
In base 3, what is -10 + 1102112221121?
1102112221111
In base 7, what is -14 + 4424?
4410
In base 6, what is 0 + -441510?
-441510
In base 15, what is 8 + -e377?
-e36e
In base 2, what is -10110100010100 - -111?
-10110100001101
In base 15, what is 14c - -52b?
678
In base 16, what is -880a - 27?
-8831
In base 2, what is -10 - -100001111111000101?
100001111111000011
In base 5, what is -2 - -14134?
14132
In base 15, what is 12368 + -d?
1235a
In base 16, what is -c - -fb1?
fa5
In base 8, what is 10 - -26142?
26152
In base 4, what is 11 + 303221230?
303221301
In base 12, what is 13 + 5714?
5727
In base 6, what is -1453521 + -2?
-1453523
In base 16, what is -1 + c09b?
c09a
In base 13, what is -1 - -2419?
2418
In base 16, what is 4 + ceeb3?
ceeb7
In base 11, what is 6 - -599279?
599284
In base 15, what is -3 + 16113?
16110
In base 6, what is -150 - -1424?
1234
In base 4, what is 1230322 + 11?
1230333
In base 2, what is -11111001110 + 101000101?
-11010001001
In base 1